{"id":233,"date":"2020-08-22T09:34:09","date_gmt":"2020-08-22T07:34:09","guid":{"rendered":"https:\/\/joerg-o-richter.de\/index.php\/colibri-wp\/"},"modified":"2024-07-11T11:32:57","modified_gmt":"2024-07-11T09:32:57","slug":"colibri-wp","status":"publish","type":"page","link":"https:\/\/joerg-o-richter.de\/","title":{"rendered":"Das Unternehmen hat sich verabschiedet."},"content":{"rendered":"\n<figure class=\"wp-block-image size-large\"><img loading=\"lazy\" decoding=\"async\" width=\"1024\" height=\"548\" src=\"https:\/\/joerg-o-richter.de\/wp-content\/uploads\/2024\/07\/DANKE-1024x548.jpg\" alt=\"\" class=\"wp-image-505\" srcset=\"https:\/\/joerg-o-richter.de\/wp-content\/uploads\/2024\/07\/DANKE-1024x548.jpg 1024w, https:\/\/joerg-o-richter.de\/wp-content\/uploads\/2024\/07\/DANKE-300x160.jpg 300w, https:\/\/joerg-o-richter.de\/wp-content\/uploads\/2024\/07\/DANKE-768x411.jpg 768w, https:\/\/joerg-o-richter.de\/wp-content\/uploads\/2024\/07\/DANKE-1536x821.jpg 1536w, https:\/\/joerg-o-richter.de\/wp-content\/uploads\/2024\/07\/DANKE-2048x1095.jpg 2048w\" sizes=\"(max-width: 1024px) 100vw, 1024px\" \/><\/figure>\n\n\n\n<p class=\"has-text-align-center\"><strong>HINWEIS: ALLE KUNDEN DIE R\u00c4DER EINGELAGERT HABEN, ERHALTEN SP\u00c4TESTENS IM SEPTEMBER EINE BENACHRICHTIGUNG \u00dcBER IHRE R\u00c4DER.                   WIR WERDEN SCHRIFTLILCH ODER PER MAIL MIT JEDEM IN KONTAKT TRETEN. IM MOMENT SIND WIR ZU FRAGEN NUR UNTER:                                                             info@joerg-o-richter.de         ERREICHBAR<\/strong>.<\/p>\n","protected":false},"excerpt":{"rendered":"<p>HINWEIS: ALLE KUNDEN DIE R\u00c4DER EINGELAGERT HABEN, ERHALTEN SP\u00c4TESTENS IM SEPTEMBER EINE BENACHRICHTIGUNG \u00dcBER IHRE R\u00c4DER. WIR WERDEN SCHRIFTLILCH ODER PER MAIL MIT JEDEM IN KONTAKT TRETEN. IM MOMENT SIND WIR ZU FRAGEN NUR UNTER: info@joerg-o-richter.de ERREICHBAR.<\/p>\n","protected":false},"author":2,"featured_media":0,"parent":0,"menu_order":0,"comment_status":"closed","ping_status":"closed","template":"","meta":{"ngg_post_thumbnail":0,"footnotes":""},"yoast_head":"<!-- This site is optimized with the Yoast SEO plugin v23.0 - https:\/\/yoast.com\/wordpress\/plugins\/seo\/ -->\n<title>Das Unternehmen hat sich verabschiedet. - J\u00f6rg O. Richter in Hoenow e.K. %<\/title>\n<meta name=\"description\" content=\"Onlline Terminvereinbarung. Buche jetzt einen Werkstatt - Termin.\" \/>\n<meta name=\"robots\" content=\"index, follow, max-snippet:-1, max-image-preview:large, max-video-preview:-1\" \/>\n<link rel=\"canonical\" href=\"https:\/\/joerg-o-richter.de\/\" \/>\n<meta property=\"og:locale\" content=\"de_DE\" \/>\n<meta property=\"og:type\" content=\"article\" \/>\n<meta property=\"og:title\" content=\"Das Unternehmen hat sich verabschiedet. - J\u00f6rg O. Richter in Hoenow e.K. %\" \/>\n<meta property=\"og:description\" content=\"Onlline Terminvereinbarung. Buche jetzt einen Werkstatt - Termin.\" \/>\n<meta property=\"og:url\" content=\"https:\/\/joerg-o-richter.de\/\" \/>\n<meta property=\"og:site_name\" content=\"J\u00f6rg O. Richter in Hoenow e.K.\" \/>\n<meta property=\"article:modified_time\" content=\"2024-07-11T09:32:57+00:00\" \/>\n<meta property=\"og:image\" content=\"https:\/\/joerg-o-richter.de\/wp-content\/uploads\/2024\/07\/DANKE-1024x548.jpg\" \/>\n<meta name=\"twitter:card\" content=\"summary_large_image\" \/>\n<meta name=\"twitter:label1\" content=\"Gesch\u00e4tzte Lesezeit\" \/>\n\t<meta name=\"twitter:data1\" content=\"1\u00a0Minute\" \/>\n<script type=\"application\/ld+json\" class=\"yoast-schema-graph\">{\"@context\":\"https:\/\/schema.org\",\"@graph\":[{\"@type\":\"WebPage\",\"@id\":\"https:\/\/joerg-o-richter.de\/\",\"url\":\"https:\/\/joerg-o-richter.de\/\",\"name\":\"Das Unternehmen hat sich verabschiedet. - J\u00f6rg O. Richter in Hoenow e.K. %\",\"isPartOf\":{\"@id\":\"https:\/\/joerg-o-richter.de\/#website\"},\"primaryImageOfPage\":{\"@id\":\"https:\/\/joerg-o-richter.de\/#primaryimage\"},\"image\":{\"@id\":\"https:\/\/joerg-o-richter.de\/#primaryimage\"},\"thumbnailUrl\":\"https:\/\/joerg-o-richter.de\/wp-content\/uploads\/2024\/07\/DANKE-1024x548.jpg\",\"datePublished\":\"2020-08-22T07:34:09+00:00\",\"dateModified\":\"2024-07-11T09:32:57+00:00\",\"description\":\"Onlline Terminvereinbarung. Buche jetzt einen Werkstatt - Termin.\",\"breadcrumb\":{\"@id\":\"https:\/\/joerg-o-richter.de\/#breadcrumb\"},\"inLanguage\":\"de\",\"potentialAction\":[{\"@type\":\"ReadAction\",\"target\":[\"https:\/\/joerg-o-richter.de\/\"]}]},{\"@type\":\"ImageObject\",\"inLanguage\":\"de\",\"@id\":\"https:\/\/joerg-o-richter.de\/#primaryimage\",\"url\":\"https:\/\/joerg-o-richter.de\/wp-content\/uploads\/2024\/07\/DANKE-scaled.jpg\",\"contentUrl\":\"https:\/\/joerg-o-richter.de\/wp-content\/uploads\/2024\/07\/DANKE-scaled.jpg\",\"width\":2560,\"height\":1369},{\"@type\":\"BreadcrumbList\",\"@id\":\"https:\/\/joerg-o-richter.de\/#breadcrumb\",\"itemListElement\":[{\"@type\":\"ListItem\",\"position\":1,\"name\":\"Startseite\",\"item\":\"https:\/\/joerg-o-richter.de\/\"},{\"@type\":\"ListItem\",\"position\":2,\"name\":\"Das Unternehmen hat sich verabschiedet.\"}]},{\"@type\":\"WebSite\",\"@id\":\"https:\/\/joerg-o-richter.de\/#website\",\"url\":\"https:\/\/joerg-o-richter.de\/\",\"name\":\"J\u00f6rg O. Richter in Hoenow e.K.\",\"description\":\"DAS UNTERNEHMEN HAT SICH ZUM 30.06. VERABSCHIEDET.\",\"publisher\":{\"@id\":\"https:\/\/joerg-o-richter.de\/#organization\"},\"potentialAction\":[{\"@type\":\"SearchAction\",\"target\":{\"@type\":\"EntryPoint\",\"urlTemplate\":\"https:\/\/joerg-o-richter.de\/?s={search_term_string}\"},\"query-input\":\"required name=search_term_string\"}],\"inLanguage\":\"de\"},{\"@type\":\"Organization\",\"@id\":\"https:\/\/joerg-o-richter.de\/#organization\",\"name\":\"J\u00f6rg O. Richter in Hoenow e.K.\",\"url\":\"https:\/\/joerg-o-richter.de\/\",\"logo\":{\"@type\":\"ImageObject\",\"inLanguage\":\"de\",\"@id\":\"https:\/\/joerg-o-richter.de\/#\/schema\/logo\/image\/\",\"url\":\"https:\/\/joerg-o-richter.de\/wp-content\/uploads\/2021\/03\/LOGO-HbBeigene-internetseite-Golf2018Audi-Kopie.12032021jpg-e1615572305825.jpg\",\"contentUrl\":\"https:\/\/joerg-o-richter.de\/wp-content\/uploads\/2021\/03\/LOGO-HbBeigene-internetseite-Golf2018Audi-Kopie.12032021jpg-e1615572305825.jpg\",\"width\":150,\"height\":49,\"caption\":\"J\u00f6rg O. Richter in Hoenow e.K.\"},\"image\":{\"@id\":\"https:\/\/joerg-o-richter.de\/#\/schema\/logo\/image\/\"}}]}<\/script>\n<!-- \/ Yoast SEO plugin. -->","yoast_head_json":{"title":"Das Unternehmen hat sich verabschiedet. - J\u00f6rg O. Richter in Hoenow e.K. %","description":"Onlline Terminvereinbarung. Buche jetzt einen Werkstatt - Termin.","robots":{"index":"index","follow":"follow","max-snippet":"max-snippet:-1","max-image-preview":"max-image-preview:large","max-video-preview":"max-video-preview:-1"},"canonical":"https:\/\/joerg-o-richter.de\/","og_locale":"de_DE","og_type":"article","og_title":"Das Unternehmen hat sich verabschiedet. - J\u00f6rg O. Richter in Hoenow e.K. %","og_description":"Onlline Terminvereinbarung. Buche jetzt einen Werkstatt - Termin.","og_url":"https:\/\/joerg-o-richter.de\/","og_site_name":"J\u00f6rg O. Richter in Hoenow e.K.","article_modified_time":"2024-07-11T09:32:57+00:00","og_image":[{"url":"https:\/\/joerg-o-richter.de\/wp-content\/uploads\/2024\/07\/DANKE-1024x548.jpg"}],"twitter_card":"summary_large_image","twitter_misc":{"Gesch\u00e4tzte Lesezeit":"1\u00a0Minute"},"schema":{"@context":"https:\/\/schema.org","@graph":[{"@type":"WebPage","@id":"https:\/\/joerg-o-richter.de\/","url":"https:\/\/joerg-o-richter.de\/","name":"Das Unternehmen hat sich verabschiedet. - J\u00f6rg O. Richter in Hoenow e.K. %","isPartOf":{"@id":"https:\/\/joerg-o-richter.de\/#website"},"primaryImageOfPage":{"@id":"https:\/\/joerg-o-richter.de\/#primaryimage"},"image":{"@id":"https:\/\/joerg-o-richter.de\/#primaryimage"},"thumbnailUrl":"https:\/\/joerg-o-richter.de\/wp-content\/uploads\/2024\/07\/DANKE-1024x548.jpg","datePublished":"2020-08-22T07:34:09+00:00","dateModified":"2024-07-11T09:32:57+00:00","description":"Onlline Terminvereinbarung. Buche jetzt einen Werkstatt - Termin.","breadcrumb":{"@id":"https:\/\/joerg-o-richter.de\/#breadcrumb"},"inLanguage":"de","potentialAction":[{"@type":"ReadAction","target":["https:\/\/joerg-o-richter.de\/"]}]},{"@type":"ImageObject","inLanguage":"de","@id":"https:\/\/joerg-o-richter.de\/#primaryimage","url":"https:\/\/joerg-o-richter.de\/wp-content\/uploads\/2024\/07\/DANKE-scaled.jpg","contentUrl":"https:\/\/joerg-o-richter.de\/wp-content\/uploads\/2024\/07\/DANKE-scaled.jpg","width":2560,"height":1369},{"@type":"BreadcrumbList","@id":"https:\/\/joerg-o-richter.de\/#breadcrumb","itemListElement":[{"@type":"ListItem","position":1,"name":"Startseite","item":"https:\/\/joerg-o-richter.de\/"},{"@type":"ListItem","position":2,"name":"Das Unternehmen hat sich verabschiedet."}]},{"@type":"WebSite","@id":"https:\/\/joerg-o-richter.de\/#website","url":"https:\/\/joerg-o-richter.de\/","name":"J\u00f6rg O. Richter in Hoenow e.K.","description":"DAS UNTERNEHMEN HAT SICH ZUM 30.06. VERABSCHIEDET.","publisher":{"@id":"https:\/\/joerg-o-richter.de\/#organization"},"potentialAction":[{"@type":"SearchAction","target":{"@type":"EntryPoint","urlTemplate":"https:\/\/joerg-o-richter.de\/?s={search_term_string}"},"query-input":"required name=search_term_string"}],"inLanguage":"de"},{"@type":"Organization","@id":"https:\/\/joerg-o-richter.de\/#organization","name":"J\u00f6rg O. Richter in Hoenow e.K.","url":"https:\/\/joerg-o-richter.de\/","logo":{"@type":"ImageObject","inLanguage":"de","@id":"https:\/\/joerg-o-richter.de\/#\/schema\/logo\/image\/","url":"https:\/\/joerg-o-richter.de\/wp-content\/uploads\/2021\/03\/LOGO-HbBeigene-internetseite-Golf2018Audi-Kopie.12032021jpg-e1615572305825.jpg","contentUrl":"https:\/\/joerg-o-richter.de\/wp-content\/uploads\/2021\/03\/LOGO-HbBeigene-internetseite-Golf2018Audi-Kopie.12032021jpg-e1615572305825.jpg","width":150,"height":49,"caption":"J\u00f6rg O. Richter in Hoenow e.K."},"image":{"@id":"https:\/\/joerg-o-richter.de\/#\/schema\/logo\/image\/"}}]}},"_links":{"self":[{"href":"https:\/\/joerg-o-richter.de\/index.php\/wp-json\/wp\/v2\/pages\/233"}],"collection":[{"href":"https:\/\/joerg-o-richter.de\/index.php\/wp-json\/wp\/v2\/pages"}],"about":[{"href":"https:\/\/joerg-o-richter.de\/index.php\/wp-json\/wp\/v2\/types\/page"}],"author":[{"embeddable":true,"href":"https:\/\/joerg-o-richter.de\/index.php\/wp-json\/wp\/v2\/users\/2"}],"replies":[{"embeddable":true,"href":"https:\/\/joerg-o-richter.de\/index.php\/wp-json\/wp\/v2\/comments?post=233"}],"version-history":[{"count":24,"href":"https:\/\/joerg-o-richter.de\/index.php\/wp-json\/wp\/v2\/pages\/233\/revisions"}],"predecessor-version":[{"id":517,"href":"https:\/\/joerg-o-richter.de\/index.php\/wp-json\/wp\/v2\/pages\/233\/revisions\/517"}],"wp:attachment":[{"href":"https:\/\/joerg-o-richter.de\/index.php\/wp-json\/wp\/v2\/media?parent=233"}],"curies":[{"name":"wp","href":"https:\/\/api.w.org\/{rel}","templated":true}]}}